*v. What is the tens digit of (-165)/i - 2/6?
1
Let m = 13 + -16. Let u = 4 + m. What is the units digit of u?
1
Let v(c) = 3*c**3 - 4*c**2 - 4. What is the tens digit of v(3)?
4
Suppose 0 = -5*l - 2*i + 112, 3*i + 2*i + 140 = 5*l. Suppose 4*d + l - 92 = 0. What is the units digit of d?
7
Suppose -2*n + 200 - 42 = 0. Suppose -6*o + 4*o + n = 5*b, -223 = -5*o - 4*b. What is the tens digit of o?
4
What is the tens digit of 10/15 + (-100)/(-3)?
3
Suppose -19*w - w = -3820. What is the tens digit of w?
9
Let c be 18/8 + (-2)/8. Suppose 3*t + c*t = 0. Suppose t = y - 2*y + 15. What is the units digit of y?
5
Let b(q) = 6*q**3 - 2*q**2 - 2*q. Let s be b(2). Let n = 6 + -4. Suppose -w = n*w - s. What is the tens digit of w?
1
What is the units digit of 27 - ((-3 - -3) + -4)?
1
Let v be (-7)/(-3) + (-4)/(-6). Let p be -1*1/v*-12. Suppose 4*k - 5 = 4*f - f, k - 6 = -p*f. What is the units digit of k?
2
Let y = -27 - -58. Suppose 127 - y = 3*i. What is the tens digit of i?
3
Suppose -1 = -4*s + 23. Let h be (30 - s)*(-3)/(-2). Suppose 0*r + r - 2 = 0, -3*r = 5*z - h. What is the units digit of z?
6
Suppose 8 = -w - w. What is the units digit of 10 + w/(-2 + 4)?
8
Let l(v) = 2*v**2 - v. Let d be l(-1). Suppose 0 = -2*c + 5*c - d. What is the units digit of c?
1
Suppose 3*d = -3*h - 0*d + 54, -20 = -h + d. What is the tens digit of h?
1
Suppose 21 = 3*v + 3*c, -3 - 10 = v - 4*c. Suppose 3*j + v*y - 33 = 0, -5*j + 4*y + 13 = 3. Let l(m) = m**3 - 5*m**2 - 6*m + 5. What is the units digit of l(j)?
5
Suppose -5*l + 1631 = -29. What is the tens digit of l?
3
Let s(u) = 2*u**2 - 4*u - 1. Let f be s(3). Suppose -f*r = -r - 36. Suppose r*o - 4*o = 50. What is the tens digit of o?
1
Suppose -3*w = 3*d - 9, 9 = -4*d + 5*d - 2*w. Let n(p) = 2*p + 5. What is the tens digit of n(d)?
1
Suppose -2*c + 0*s = 4*s, 0 = -3*c - s - 20. Let m = -4 - c. Suppose u + 4*u - 47 = -4*d, -u + m*d = 5. What is the units digit of u?
7
Let n(g) = 3*g**2 + 3*g - 5. What is the units digit of n(-6)?
5
Let t = 4 - -3. Suppose -2*d + d = -t. What is the units digit of d?
7
Suppose -3 = -3*s - 15. Let j = 0 - s. Suppose -j*p = p - 15. What is the units digit of p?
3
Let o(x) = -15 - 18*x + 21 - 11 - 15 - x**2. What is the units digit of o(-15)?
5
Let n(b) = 2*b**3 - 15*b**2 + 5*b + 2. What is the hundreds digit of n(8)?
1
Suppose -2*p + 4 = 0, 5*n - p = 3*n. What is the units digit of n?
1
Let s(g) = -20*g + 2. What is the hundreds digit of s(-7)?
1
Suppose -2*j + 3 = -5*i, -5*j + 2*j + 16 = 4*i. Suppose -5*z + j*w + 130 = 2*w, -4*z + 3*w = -104. What is the units digit of 1/(-3) - z/(-6)?
4
Let m = -7 + 9. Suppose 0 = m*f + 2*l - 8, 8*l - 23 = -5*f + 4*l. Let o = -6 + f. What is the units digit of o?
1
Let s(p) = -p**3 + 10*p**2 - 7*p - 4. What is the units digit of s(9)?
4
Let r(v) = 2*v**2 + 19*v + 34. What is the hundreds digit of r(-14)?
1
What is the hundreds digit of ((-2)/(-4))/((-20)/(-12480))?
3
Let u(f) = 3*f**2 + 5*f + 1. Let s be u(-5). Suppose -9 - s = -5*k. What is the units digit of k?
2
Let d(t) = -t**2 - 6*t - 5. Let o be d(-5). Suppose 3*x + o*x = 9. What is the units digit of x?
3
Suppose -5*n - 4*v = -213, n - 60 = 7*v - 2*v. What is the units digit of n?
5
Suppose a - 4*a + 3 = 0. Let p = 6 + a. What is the units digit of p?
7
Suppose v = -1 + 4. Let x be (2/3)/(4/6). What is the units digit of x*(-1 + 2*v)?
5
Let w(l) be the second derivative of -l**3/6 + 9*l**2/2 - 4*l. What is the units digit of w(4)?
5
Let j(w) = 9*w**2 - 2*w - 2. Let g be ((-4)/(-14))/((-4)/28). What is the tens digit of j(g)?
3
Let i = -3 + 1. What is the tens digit of (15/6)/(i/(-20))?
2
What is the units digit of ((-39)/6 - -6) + (-69)/(-2)?
4
Suppose -5*z + 2*n = 3*n - 43, n - 34 = -4*z. Suppose 4*f + 15 = -j + 2*j, -2*j - 5*f = z. What is the units digit of -10*(j*-1)/6?
5
Let z be 6 + 1 + (-3)/(-3). Suppose -5*n = c + z, n - 6*n = -5*c + 20. What is the units digit of c?
2
Let x(d) = -15*d - 7. Let r be x(-7). What is the units digit of r/(-4)*(-4 + 2)?
9
Let d(q) = -q**3 - 6*q**2 - 15*q - 15. What is the units digit of d(-9)?
3
Let c(v) = -54*v**3 + 3*v**2 + 4*v + 2. What is the units digit of c(-1)?
5
Let t(w) = w**3 + 4*w**2 - 2*w - 6. Let h be t(-4). Suppose -2*g + 16 = h*g. Suppose -3*p = -z - 20, 48 = -0*p + g*p + 4*z. What is the units digit of p?
8
Let p = 7 - 4. Suppose c - 60 = -5*x, p*x + 2*c = -2*c + 36. What is the units digit of x?
2
Suppose -26 = -4*d + 3*z, 2*z = d - 9 - 0. Suppose -3*k + 17 = d. Suppose n - 4 = k. What is the units digit of n?
8
Let x(p) = 2*p**2 + 5*p + 4. Let h be x(-3). Let f be h/4*(4 - 0). Let g = f + 3. What is the units digit of g?
0
Let g(k) = -3 + 7*k - 1 + 0 - 2 - k**2. Let i be g(6). Suppose -3*a + 61 + 5 = i. What is the tens digit of a?
2
Suppose 2*v - 20 = -0. What is the units digit of v?
0
Let l = -18 + 39. What is the tens digit of l?
2
Let r(x) = x**2 + 7*x + 10. Let b = -4 - 3. What is the units digit of r(b)?
0
Let n = -82 + 118. What is the units digit of n?
6
Let v(i) = 7*i**2 + i - 1. Let z be v(1). What is the units digit of (z/14)/((-2)/(-40))?
0
What is the hundreds digit of ((-3)/(-6))/(2/(-434))*-2?
2
Let r(b) = 5 + 2*b + 7*b + 0*b. Let a be r(4). Suppose 0 = 4*n - a - 19. What is the units digit of n?
5
Suppose 0 = v + 3, 0 = 4*s + v - 2*v - 23. Suppose 0*q = -4*q - 2*g + 22, -q - s*g = -10. What is the units digit of q?
5
Let w(a) = 5*a**2 - 2*a - 8. Let g(t) = -14*t**2 + 7*t + 23. Let k(h) = -4*g(h) - 11*w(h). Let y be k(7). Suppose y*c = 5*c - 22. What is the units digit of c?
1
Suppose 3*b = -2*b - 130. Let s = b + 40. What is the tens digit of s?
1
Let w(j) = -2*j - 5. Suppose 0 = 5*l - 37 + 12. Suppose 4*n = l*k - 41, -3*n - 4*k - 7 = -3*k. What is the units digit of w(n)?
3
Suppose 5*l - 318 = 207. What is the hundreds digit of l?
1
Let u(r) = -r**2 - 7*r. Let k(h) = 8*h + 1. Let q(a) = -2*k(a) - 3*u(a). What is the units digit of q(3)?
0
Let l(m) = -3*m - 2. Suppose -h - 16 = 4*q + 2*h, 34 = -2*q + 5*h. What is the units digit of l(q)?
9
Suppose g - 9 = -24. What is the units digit of (g/(-6))/(3/6)?
5
Suppose -3 + 68 = -5*l. What is the units digit of (-80)/l + (-4)/26?
6
Suppose 6*l - 3*l = 54. Let q be ((-2)/(-3))/(2/l). Suppose j + j = q. What is the units digit of j?
3
Let y(w) = 27*w - 26. What is the units digit of y(12)?
8
Let j be (-3)/30*4*-5. Suppose 3*v = j*c + 13, 3*c - 16 = -2*v + 10. Suppose 2*y = v - 1. What is the units digit of y?
3
Suppose 0 = 5*h - 0*h + 10. What is the tens digit of ((-39)/(-9))/(h/(-6))?
1
Suppose 0 = -4*d + 2*d + 26. Let l = d + 2. What is the tens digit of l?
1
Suppose 0 = -3*m + 5*v + 19, 0 = 5*m - 4*v - 11 - 12. Suppose -m*g - 2*b = -1, -5*g + g = 5*b + 8. Suppose -1 = -s + g. What is the units digit of s?
4
Suppose 4*v - 46 = -6. Let a = v - 1. What is the units digit of a?
9
Let q(p) = -p**2 - 4*p + 5. Let w be q(-4). Suppose 2*h = 4*l - 2, -h + 5*l = l + w. Suppose -4*t + 3*t - i = 0, h*t + i = 2. What is the units digit of t?
1
What is the units digit of 6/(-27) - 2786/(-63)?
4
Let a be (0/(-2))/(-2) - 19. Let b = 1 - 13. Let m = b - a. What is the units digit of m?
7
Suppose -73 - 499 = -4*q + 5*w, -w - 440 = -3*q. What is the hundreds digit of q?
1
Let j = -63 + 92. What is the units digit of j?
9
What is the tens digit of (2 + 4)/((-12)/(-152))?
7
Let p be 1*(-2 - 9*-1). Suppose -4*a + 2 + 6 = 0. Suppose 35 = -a*r + p*r. What is the units digit of r?
7
Suppose o = -5*x - 0*o + 408, 3*x - 2*o = 237. Let t be x/18*(-4)/(-6). Suppose 2*a = t*a + 2*y - 21, -47 = -3*a - 2*y. What is the tens digit of a?
1
Let q = -9 + 29. Suppose 4*p = -p + q. What is the units digit of p?
4
Let c(w) = 3*w**2 - 5*w - 4. What is the units digit of c(-3)?
8
Let q be (-33)/(-9) - (-2)/(-3). Let z = -1 + q. What is the units digit of z?
2
Let a(x) = -18*x**3 - 2*x**2 + x. Let h be a(1). Let g = -11 - h. What is the units digit of g?
8
Suppose 8 = n - 7. Let x be -1 + 24 + (-2 - 0). Let q = x - n. What is the units digit of q?
6
Let r be (4 - 6) + 1*10. Let a = r + -5. What is the units digit of a?
3
Let t = -26 + 56. What is the units digit of t?
0
Suppose 0 = -2*w + w. Let j be (w - 2)/(-1) + -1. What is the units digit of (j*-2)/2*-2?
2
Let t = 79 - 52. What is the units digit of t?
7
Suppos